 + -92?
-308
In base 11, what is -2 - 63097?
-63099
In base 12, what is -57 - -2b5a?
2b03
In base 12, what is 96 - -a84b?
a925
In base 3, what is -2111 + 202010110?
202000222
In base 14, what is 1 + 122694?
122695
In base 12, what is 153b2 - 16?
15398
In base 15, what is -1961b - -5?
-19616
In base 3, what is 12212200 + -120?
12212010
In base 16, what is 8a4 - -f?
8b3
In base 12, what is 1196 - -3?
1199
In base 16, what is 1c - 2a9f?
-2a83
In base 14, what is 6605 - -5?
660a
In base 11, what is -1512 - 128?
-163a
In base 16, what is -7 + -b48?
-b4f
In base 14, what is -66 - 324?
-38a
In base 5, what is -4121331 - -2?
-4121324
In base 8, what is -27 - -6116?
6067
In base 3, what is 12110 - -100220102?
101002212
In base 6, what is -3143045 - 0?
-3143045
In base 16, what is -321e5 - 5?
-321ea
In base 8, what is 322 - 1365?
-1043
In base 13, what is 21118 + 2?
2111a
In base 3, what is 101000 - -2112?
110112
In base 11, what is -191 + -279?
-45a
In base 3, what is 121222 - 212211?
-20212
In base 6, what is -1515253 + 4?
-1515245
In base 7, what is 2 + -35430?
-35425
In base 4, what is 0 - -112110102?
112110102
In base 7, what is -166 - -1653?
1454
In base 15, what is 62 - 4?
5d
In base 11, what is 32 + 259?
290
In base 2, what is -1 - -101101111110?
101101111101
In base 4, what is 0 - -102322220?
102322220
In base 2, what is -10001010100 + -100000101?
-10101011001
In base 15, what is -b6 + -2a76?
-2b3c
In base 4, what is -10311232211 - 3?
-10311232220
In base 13, what is -b1c + -12?
-b31
In base 6, what is -24414112 + -5?
-24414121
In base 15, what is -6 + ac8?
ac2
In base 4, what is -1030011001 + -1?
-1030011002
In base 14, what is 156c - -2d?
159b
In base 6, what is 21 + 11441103?
11441124
In base 3, what is -1121022112221 - 2?
-1121022120000
In base 3, what is -11100001202 - -11?
-11100001121
In base 11, what is 3 - -86526?
86529
In base 9, what is -1558 + -3?
-1562
In base 4, what is -110 + 1222312?
1222202
In base 2, what is 10010000011100000100010 - 0?
10010000011100000100010
In base 10, what is -92 + 392?
300
In base 16, what is -1f05da - 3?
-1f05dd
In base 7, what is 210 - 346?
-136
In base 10, what is -145 - -1348?
1203
In base 6, what is -1 - -2205244?
2205243
In base 8, what is -302174 + -4?
-302200
In base 16, what is -7 - 10db?
-10e2
In base 11, what is 2 + 8971?
8973
In base 3, what is -10 + -1200122010202?
-1200122010212
In base 13, what is 2c + -4a86?
-4a57
In base 13, what is 239 + 17?
253
In base 3, what is -110102102 + 10?
-110102022
In base 14, what is -34769 + 4?
-34765
In base 10, what is 94 - -2006?
2100
In base 10, what is 5 - -65171?
65176
In base 8, what is 3 - -7066?
7071
In base 14, what is -12a896 - -1?
-12a895
In base 8, what is 164 + 100620?
101004
In base 16, what is -252f0 + -5?
-252f5
In base 7, what is 2 - 3013?
-3011
In base 13, what is -3 + 5937a?
59377
In base 12, what is 0 + 3860?
3860
In base 16, what is -b88 + -16?
-b9e
In base 10, what is -2944 - -2?
-2942
In base 14, what is 10a4 + 6?
10aa
In base 14, what is -1a - -1657?
163b
In base 6, what is -11 - 4032101?
-4032112
In base 12, what is 6b + a89?
b38
In base 14, what is a484 - -8?
a48c
In base 4, what is 122 - -2220123?
2220311
In base 8, what is 43065 + 45?
43132
In base 11, what is 72 + 29?
a0
In base 10, what is -4 + 68672?
68668
In base 11, what is -2 + -24262?
-24264
In base 12, what is 1a + -61a?
-600
In base 10, what is 97 - 13720?
-13623
In base 15, what is 4557 - -2?
4559
In base 3, what is 1011 - -221?
2002
In base 7, what is -364 - -121304?
120610
In base 3, what is 101121010 - 20?
101120220
In base 11, what is -a9a310 + -4?
-a9a314
In base 9, what is 566 - -388?
1065
In base 10, what is 5 - -20450?
20455
In base 4, what is 2132223 - 303?
2131320
In base 12, what is 4 + -3a656?
-3a652
In base 5, what is -32203 - 1410?
-34113
In base 8, what is -226405 + 5?
-226400
In base 3, what is -1022102 + 1112?
-1020220
In base 10, what is -84262 + -72?
-84334
In base 12, what is -3 - -7a66?
7a63
In base 7, what is 24 - 3624?
-3600
In base 11, what is -5a25a1 - 3?
-5a25a4
In base 16, what is 1e + 1418e?
141ac
In base 15, what is 2 + b46ab?
b46ad
In base 3, what is 1020210 + 101022211?
102120121
In base 2, what is 10000011 + 1011100110011?
1011110110110
In base 6, what is 31221 - -1?
31222
In base 6, what is -33020 - 2240?
-35300
In base 14, what is 3 + 8896?
8899
In base 2, what is -10011010 + 1110?
-10001100
In base 14, what is -3cc + 278?
-154
In base 8, what is 114 - -757?
1073
In base 13, what is 5 + -2772?
-276a
In base 16, what is 526 + -1c?
50a
In base 5, what is -1214034 - -2?
-1214032
In base 11, what is 73 - 313a?
-3077
In base 8, what is 371122 - 1?
371121
In base 3, what is -20 + -120100120?
-120100210
In base 3, what is -2001020 - 11212?
-2020002
In base 7, what is 5 + -104265?
-104260
In base 4, what is 0 - -320210222?
320210222
In base 15, what is -18 - 26e3?
-270b
In base 8, what is -124 + -336?
-462
In base 3, what is -210 - 212120?
-220100
In base 15, what is 1 - -23225?
23226
In base 6, what is -3 - -103530404?
103530401
In base 11, what is 63243 + 3?
63246
In base 15, what is 1 - 1188?
-1187
In base 9, what is -371428 - 2?
-371431
In base 11, what is 4 + 135580?
135584
In base 14, what is -4b00 + 85?
-4a59
In base 14, what is -39b - -2d?
-36c
In base 5, what is -221142 - -132?
-221010
In base 12, what is -1781 + 7?
-1776
In base 2, what is -1010110000101100 - 100?
-1010110000110000
In base 4, what is -1331313 - 10?
-1331323
In base 11, what is 435 + 103?
538
In base 3, what is 11112221100 - 10?
11112221020
In base 16, what is -f9e49 + 5?
-f9e44
In base 7, what is -21 - 11245?
-11266
In base 11, what is 1220904 - 2?
1220902
In base 3, what is -110111010210 - 21?
-110111011001
In base 8, what is -5017 - 125?
-5144
In base 11, what is -397776 + 3?
-397773
In base 2, what is -1001100 + -11101111?
-100111011
In base 5, what is 1 - 10332431?
-10332430
In base 6, what is -43540 - 14?
-43554
In base 8, what is -3 + 47254?
47251
In base 7, what is 10602413 + 2?
10602415
In base 8, what is 1210 - 22?
1166
In base 10, what is 65 + -4205?
-4140
In base 11, what is -86 - 304?
-38a
In base 5, what is 133 + 3441?
4124
In base 8, what is 10422 + -7?
10413
In base 11, what is -3a10 - 9?
-3a19
In base 8, what is 13423 - 55?
13346
In base 9, what is 6835 + -1?
6834
In base 11, what is 3 - -44905a?
449062
In base 15, what is 26 - 47e7?
-47c1
In base 10, what is -2759 + -5?
-2764
In base 15, what is c4a - e?
c3b
In base 15, what is -2b41 - -1d?
-2b23
In base 12, what is 34 + -2b8b?
-2b57
In base 6, what is 3422 + -241?
3141
In base 5, what is 23312 + 212?
24024
In base 4, what is 212 + -33303?
-33031
In base 6, what is -452433440 + -5?
-452433445
In base 13, what is 4842b2 - -4?
4842b6
In base 14, what is -2a - -ad0?
aa4
In base 5, what is -103 + 330021?
324413
In base 2, what is 1110111 - 1100010?
10101
In base 10, what is 2 + -25527?
-25525
In base 7, what is 221 + -10304?
-10053
In base 12, what is -652 - -746?
b4
In base 6, what is 4342403 - 0?
4342403
In base 5, what is 11 - 44121223?
-44121212
In base 4, what is 12131303 + -112?
12131131
In base 5, what is -140011 - -4?
-140002
In base 9, what is -5 - -14812?
14806
In base 10, what is 24 - 4579?
-4555
In base 12, what is 1349107 - -2?
1349109
In base 7, what is -4652 + 10?
-4642
In base 14, what is -11 - -ba61?
ba50
In base 4, what is 1022 - 10110112?
-10103030
In base 7, what is -3513463 - -12?
-3513451
In base 6, what is -133 - 1145022?
-1145155
In base 2, what is -11101101 - 101010100?
-1001000001
In base 16, what is 45 + 825?
86a
In base 12, what is 1424 - 28a?
1156
In base 5, what is 142123132 + 3?
142123140
In base 5, what is -110 + -32?
-142
In base 7, what is 4 - 362554?
-362550
In base 7, what is 122 + 23055?
23210
In base 5, what is -13 + 1102242?
1102224
In base 5, what is -3 - 202140323?
-202140331
In base 15, what is -3866 + -7?
-386d
In base 4, what is -102110101 + 1?
-102110100
In base 15, what is -284 - 17?
-29b
In base 14, what is b - -125a1?
125ac
In base 10, what is -219239 + 7?
-219232
In base 14, what is -18c + -d6?
-284
In base 2, what is 101 + 1011000011001001111?
1011000011001010100
In base 8, what is 6236105 - -1?
6236106
In base 13, what is -4 - c9c2?
-c9c6
In base 4, w